divided by -2 + (9 - (v + 0))?
6
Let q = -189 - -273. What is the remainder when q is divided by 29?
26
Let l(q) = 9*q - 5. Calculate the remainder when l(8) is divided by 23.
21
Let l(d) = 2*d**2 - 14*d + 18. What is the remainder when l(8) is divided by 13?
8
Let w be (-2)/(-5) - 46/(-10). What is the remainder when 46/6 + w/15 is divided by 3?
2
Let j be (-69)/(-18) - (-3)/18. Suppose -2*b - b = j*f - 142, -5*f + b = -168. What is the remainder when f is divided by 12?
10
Suppose -5*r - 2*a + 59 + 65 = 0, 2*r = -5*a + 58. Let x = -8 - -11. Suppose -7 = x*m - 220. Calculate the remainder when m is divided by r.
23
Let f = -21 + 36. What is the remainder when 29 is divided by f?
14
Let n be (5 - 3 - 0) + 3. Suppose n*q = 5*b - 55, 3*b = b - q + 28. Calculate the remainder when b is divided by 8.
5
Suppose -2*o = -r + o + 18, r - 28 = 5*o. Let f = r - -1. Calculate the remainder when 29 is divided by 219/15 + f/10.
14
Let x(n) = -2*n - 1. What is the remainder when 13 is divided by x(-3)?
3
Suppose 5*u + 5*s - 135 = 0, -55 + 5 = -2*u + 2*s. Calculate the remainder when u is divided by 8.
2
Suppose -1 + 21 = 4*b. Let c(x) = x**2 - 1. Suppose 3*l - 2 - 7 = 0. What is the remainder when c(l) is divided by b?
3
Suppose 14 = u + 1. Calculate the remainder when 36 is divided by u.
10
Suppose 0 = m - 2 + 5, 3*a + m = 27. Let z = 167 + -150. What is the remainder when z is divided by a?
7
Let c(u) = -u**2 - 4*u - 3. Let w be c(-3). Suppose 2*z - 11 - 23 = w. Suppose n + 49 = 2*n. What is the remainder when n is divided by z?
15
Let m = -87 + 97. Calculate the remainder when 29 is divided by m.
9
Let j be -1*((-12)/2)/(-3). Let u be j/(-4) - 22/(-4). What is the remainder when (-1)/((-3)/u + 0) is divided by 1?
0
Let d = -11 - -17. What is the remainder when 9 is divided by d?
3
Let n(l) = 5*l - 3. Let j(y) = -y - 1. Let g(d) = 4*j(d) + n(d). Let z be g(6). What is the remainder when 61 is divided by 166/8 + z/(-4)?
19
Suppose -4*r + 2*j + 21 = -45, -5*r - 3*j = -110. What is the remainder when r is divided by 5?
4
Let o(s) = 3*s - 7. Suppose -16*j = -20*j + 172. What is the remainder when j is divided by o(10)?
20
Let o = -41 + 66. What is the remainder when o is divided by 14?
11
Let x(f) = 45*f + 1. Let d be x(1). Suppose 2*b - d - 28 = 0. What is the remainder when b is divided by 19?
18
Calculate the remainder when (0 + 3)/(9/84) is divided by 15.
13
Suppose 3*w = 5*w - 38. Suppose -w = -5*z - 4. What is the remainder when -4 + 4 - (-1 - 7) is divided by z?
2
Suppose -k - 3 = 51. What is the remainder when 32 is divided by (-582)/k + (-4)/(-18)?
10
Suppose 0*g = 3*g - 3. Suppose o + g = 13. What is the remainder when 16 is divided by 4/(o/15) - -1?
4
Let s be (-3)/12 - 1/(-4). Suppose -2*z + 6 = -s. Calculate the remainder when z is divided by 3.
0
Suppose 0*r - 3*r = -9. Let h(o) = 4*o**2 - 3*o + 1. What is the remainder when r is divided by h(1)?
1
Let n = -56 - -65. Calculate the remainder when n is divided by 2.
1
Let n = -1 - -5. Suppose -36 = -4*y - 0. What is the remainder when y is divided by n?
1
Let d(a) = a**3 - 8*a**2 - a + 11. Let q be d(8). Suppose -q - 22 = -5*h. Let g(u) = 3*u**2 - 7*u + 4. What is the remainder when g(h) is divided by 15?
14
Suppose q + 770 = 8*q. Calculate the remainder when q is divided by 37.
36
Let z(n) be the third derivative of n**5/60 + 3*n**4/8 + n**3/6 + 3*n**2. Let r be z(-7). Let v = r + 22. What is the remainder when v is divided by 4?
1
Let x(o) = 3*o**2 + 2*o - 1. Let n be x(-2). Suppose -t + n = -6. Let k(m) = -m**3 + 5*m**2 + 2*m - 1. What is the remainder when k(3) is divided by t?
10
Suppose -a - 3*a = 12. Let g be 85/a + (-2)/(-6). Calculate the remainder when ((g/1)/(-2))/1 is divided by 5.
4
Let z = 125 - 19. Suppose 3*c - 24 = 18. What is the remainder when (-2)/4 + z/4 is divided by c?
12
Suppose -30 = -y - 2*y. Let d = y + -25. Calculate the remainder when d/(-5) + 2*1 is divided by 4.
1
Suppose -2*p - 2*p = 0. Let o be 6/((-2)/(-1) - p). What is the remainder when (1 - -9)/(o/6) is divided by 7?
6
Let y = -48 - -66. What is the remainder when y is divided by 6?
0
Let q(h) = -h**2 + 18*h + 9. Let d(t) = 24*t + 1. Suppose 5*f - 6 = -1. What is the remainder when d(f) is divided by q(18)?
7
Suppose -3 = -l + 23. Calculate the remainder when l is divided by 6.
2
Let t = 5 + -5. Suppose t + 1 = q. Suppose -115 + q = -3*a. Calculate the remainder when a is divided by 13.
12
Suppose 0 = -2*b, 0 = 3*h - 5*b - 1 - 14. Suppose -d + h*d - 184 = 0. Let i(f) = -6*f - 2. What is the remainder when d is divided by i(-3)?
14
What is the remainder when 14 is divided by ((-4)/5)/((-8)/40)?
2
Suppose -s = -3*j + 2*s + 54, 2*s = -4*j + 96. Let i(q) = -13*q + 1. Let u be i(1). Let p = u + 20. What is the remainder when j is divided by p?
6
Suppose h - 5 = 0, v + 3*h - 2 = 44. What is the remainder when v is divided by 11?
9
Let t(z) = -4*z + 7. Let u(q) = q**3 - q**2 + q + 5. Let x be u(0). Let c be t(x). Let r = c + 19. Calculate the remainder when r is divided by 4.
2
Calculate the remainder when 49 is divided by 385/14 - 6/4.
23
Let f = -6 - -24. Suppose -m + 4*p - 6 = p, 38 = 2*m + 4*p. Let w = f - m. What is the remainder when 24 is divided by w?
6
Let m(u) be the third derivative of u**6/120 - u**5/12 - 4*u**3/3 + 3*u**2. Calculate the remainder when m(6) is divided by 10.
8
Let m(z) = 2*z**2 + 7. What is the remainder when m(-3) is divided by 7?
4
Let m(c) = -c - 2. Let y be m(-2). Let n = y - -2. Suppose -5*z + 5*v = -65, -4*z - n*v + 46 = -4*v. What is the remainder when 29 is divided by z?
9
Suppose 3*l - 8*l + 444 = 2*r, 4*l - 3*r = 346. What is the remainder when l is divided by 13?
10
Suppose 4*c - 2*c = -52. Let z = c + 63. Calculate the remainder when z is divided by 13.
11
Suppose n + 2*g = -37, 5*n = 2*n - 2*g - 115. Let c = n + 85. Let o = 41 - 25. What is the remainder when c is divided by o?
14
Let d(v) = 34*v - 9. Let k(b) = -17*b + 5. Let q(f) = -4*d(f) - 7*k(f). Let j(o) = -3*o - 6. Calculate the remainder when q(-2) is divided by j(-5).
8
Suppose 0 = t + 2*t - c - 67, -5*c = -10. Suppose -11*g = -12*g. Suppose -3*b + g*b = -132. Calculate the remainder when b is divided by t.
21
Suppose -5*r = -20 - 10. Suppose -4*b + 5*b = 16. What is the remainder when b is divided by r?
4
Suppose 4*b + a = -2*a + 95, -3*a = 2*b - 43. Suppose -2*p - 5*q - b + 87 = 0, 2*q - 32 = -p. What is the remainder when p is divided by 13?
12
Let l = -26 + 65. Suppose -2*r - 3*s + l = 0, 0 = -3*r - 4*s - 27 + 85. What is the remainder when r is divided by 10?
8
Suppose 2*f + 0*f = 6. Suppose -f*k = -25 - 11. Let o = -30 + 53. Calculate the remainder when o is divided by k.
11
Let q(y) = -2*y - 4. Let l(k) = k**2 + 4*k. Let b be l(-4). Suppose 0 = 5*r - b - 5. What is the remainder when q(-3) is divided by r?
0
Suppose -6*r + 124 + 116 = 0. Calculate the remainder when 78 is divided by r.
38
Let l(w) = 4*w**3 - 4*w**2 - 1. Let v be l(3). Suppose -m - v = -5*p, 0 = p - 0*p + 5*m - 35. What is the remainder when -2 + 29 + -1 + 3 is divided by p?
14
Suppose n = 6*n. Suppose n = s - 9 - 6. What is the remainder when 42 is divided by s?
12
Suppose 0 = 5*w - 0*w + 5*f - 190, f - 167 = -4*w. What is the remainder when w is divided by 12 + -9*(-4)/12?
13
Suppose 2*a + 6 = -0*a. Let i(v) = v**3 + 4*v**2 + 5*v + 2. Let g be i(a). Let f(l) = l**2 + l - 3. Calculate the remainder when 33 is divided by f(g).
6
Let f(u) = 2*u**2 - u + 1. Let y be f(6). Let o(d) = -3*d**2 + 2*d - 3. Let h be o(3). Let b = y + h. Calculate the remainder when b is divided by 15.
13
Let q(w) = -2*w**3 - w**2 + w + 2. What is the remainder when 33 is divided by q(-2)?
9
Let s(r) = -64*r - 1. What is the remainder when s(-1) is divided by 33?
30
Suppose u = -4*u + 15, 2*u - 7 = -a. Suppose 5 = -w - 2*s, w - 4*s + 5*s = -a. Calculate the remainder when 4 is divided by w.
1
Let i(u) = u**3 - 3*u**2 - 6*u - 2. Calculate the remainder when 124 is divided by i(5).
16
Suppose -9 = 2*l - 37. Calculate the remainder when 24 is divided by l.
10
Let z(r) = r**2 + 11*r - 9. Let f(o) = 12*o. Let s be f(-1). Calculate the remainder when 9 is divided by z(s).
0
Suppose 0 = 3*t - 3*w - 21, -5*w + 7 = 5*t + 2. Suppose -4*z = 16, -9*z = 5*u - t*z - 25. Calculate